2 + 0 = 5*g - 2*k. Let y be q(g). What is the greatest common factor of y and x?
8
Let r = -103 + 108. Calculate the highest common factor of 15 and r.
5
Suppose -3*g + 6 = 0, 0 = 5*t - 3*g + 2*g + 17. Let j(a) = a**2 + 5*a - 3 - 3*a**3 - 3*a - 1. Let x be j(t). What is the greatest common factor of 10 and x?
10
Let v be (-1 - 21/(-9))*3. Suppose 42 = 3*r - 2*r - v*j, 158 = 3*r + 4*j. What is the greatest common factor of r and 125?
25
Let w be (-6)/(-21) - (-243)/7. Calculate the greatest common factor of 7 and w.
7
Let a(h) = 21*h + 5. Let u be a(5). Let i(q) = q**3 + 7*q**2 + 5*q - 2. Let t be i(-6). Let j = t - -6. Calculate the greatest common divisor of j and u.
10
Let g = 61 - 37. What is the highest common divisor of 3 and g?
3
Suppose -5*x + 43 = 13. Let o be (0 - (-18)/4)*132/99. Calculate the highest common divisor of x and o.
6
Suppose -4*f = f - 150. Let q = 6 - 4. Suppose -2*n - 50 = -2*z + 3*n, -16 = -z - q*n. Calculate the greatest common factor of z and f.
10
Suppose -d + 5*q + 27 = 0, -3*q - 14 = -2*d + 75. What is the greatest common factor of 13 and d?
13
Suppose -2*x = 2*m, -6*x - 5*m - 15 = -4*x. Suppose 14 = 3*l + 5*t - 33, 2*l = x*t - 2. Calculate the greatest common divisor of l and 9.
9
Let k be (11 - (-1 + -1))/1. Suppose 48 = -5*x - 3*j, 2*x = -x + j - 26. Let a(v) = -10*v + 1. Let o be a(x). Calculate the highest common factor of o and k.
13
Suppose 0 = -3*l, 5*r + 7*l - 2*l - 30 = 0. Let b(s) = -s**3 + 6*s**2 + s + 6. Let t be b(r). What is the greatest common divisor of t and 96?
12
Let w = 106 - 92. Calculate the greatest common divisor of w and 21.
7
Suppose -13*l + 569 = 101. Calculate the greatest common divisor of 3 and l.
3
Suppose -10 = 2*s, 5*s = r - 38 - 0. Let o(i) = 3*i + 12. Let j be o(9). What is the greatest common divisor of j and r?
13
Let q be -33*2/(-18)*3. Calculate the highest common divisor of 55 and q.
11
Let z = 10 + -9. Suppose -9 = -g + z. Calculate the highest common divisor of 5 and g.
5
Suppose 0*a - 6 = -3*a, -2*f = -4*a - 10. Let c be ((-4)/(-10))/((-3)/15). Let o(b) = -19*b - 2. Let j be o(c). What is the greatest common divisor of j and f?
9
Suppose 0 = 3*g - 11 + 2. Suppose 0*z + g*y - 27 = -2*z, 3*z - y - 13 = 0. Calculate the greatest common factor of z and 18.
6
Suppose 10 = 2*l - 20. Let s = l - 7. What is the greatest common divisor of 8 and s?
8
Suppose -2*x + 644 = -774. Suppose 5*l - g - x = g, l - 158 = -5*g. Suppose -c + 7 = -6. Calculate the greatest common factor of c and l.
13
Suppose -2*z + 16 = 2*z. Let k be (8 + 0)*10/z. Suppose c - 59 - 21 = 0. Calculate the highest common divisor of c and k.
20
Let c(q) = q**2 + 10*q + 2. Let a be c(-10). Let n be a/(-12) + (-13)/(-6). What is the highest common divisor of n and 4?
2
Let z = 5 - 1. Suppose -c = -g - 11, -z*c - g - g + 32 = 0. Calculate the highest common factor of 18 and c.
9
Suppose 3*c = -2*i + 33, 2*c - c + 91 = 5*i. Calculate the highest common divisor of 18 and i.
18
Let n(u) = u**2 + 3*u - 4. Let r be (2/3)/((-2)/3). Let h = 2 - r. Let m be n(h). What is the highest common divisor of m and 21?
7
Suppose -j - f + 9 = -3*f, -5*j = 2*f - 9. Let k be (-2)/(-3) - 28/(-12). Calculate the greatest common factor of j and k.
3
Let v = 6 + -2. Suppose 5*r + v*o = -0*o + 84, -3*r + 2*o = -46. What is the greatest common divisor of r and 32?
16
Let a = -317 - -336. Let l(c) = 8*c**3 - 2*c**2 + 5*c - 4. Let q be l(3). What is the highest common factor of q and a?
19
Let a = 30 - 42. Let p = -8 - a. Suppose 5*o + 2*z = 212, 138 + 90 = 5*o - 2*z. What is the greatest common divisor of p and o?
4
Suppose 5*h = -4*n + 48, 2*n = 2*h + 1 + 5. What is the highest common divisor of 63 and n?
7
Let j be 44/6 - (-4)/6. Let z = 14 - 6. Let t(v) = -v**2 + 9*v + 8. Let m be t(z). Calculate the greatest common divisor of j and m.
8
Let g(b) = -21 - b + 63 + 2*b. Let s(y) = -y**2 + 2*y + 3. Let a be s(3). Let c be g(a). Calculate the greatest common factor of 14 and c.
14
Suppose 20 + 7 = 3*w. Let q(v) = v**3 + v**2 - 2*v - 3. Let h be q(-3). Let k be -12*5*h/w. Calculate the greatest common factor of 40 and k.
20
Suppose -5*c = -2*j + 5*j - 52, j = -c + 16. Let u be j/4*4/7. Suppose r - 80 = -5*p + 17, -2*r + u*p = -146. Calculate the greatest common factor of 7 and r.
7
Suppose 54 + 61 = 5*i. Suppose -5*m = -47 - i. Suppose -3*q + 294 = -0*q. Calculate the greatest common factor of m and q.
14
Let p = 383 - 196. Suppose -20 = 4*m, -3*j + m - 47 = -p. Calculate the greatest common divisor of j and 5.
5
Suppose -4 + 16 = 3*z. Let h(s) = -8*s**3 - 3*s - 1. Let l be h(-2). Suppose -29 + l = z*y. What is the greatest common factor of y and 2?
2
Let k = 21 + 17. Suppose -o - 10 = -5*v, -5*o + 0*o = -3*v - k. What is the greatest common divisor of o and 2?
2
Suppose 3*c = 5*c - 102. Suppose 349 + c = 5*i. Calculate the highest common factor of i and 20.
20
Let h(q) = 2*q - 2. Let f be h(6). Let i be 34/f - 2/5. Let t = -74 - -107. What is the greatest common divisor of i and t?
3
Let f = -96 - -114. Let b be 30/(-4)*48/(-10). Calculate the greatest common divisor of f and b.
18
Suppose -40 = -5*u - 0*u. Suppose -68 = -2*h - u. What is the greatest common factor of 10 and h?
10
Let a be (100/6)/(12/18). What is the greatest common factor of 225 and a?
25
Let u be ((-36)/(-27))/((-2)/(-75)). What is the greatest common divisor of 25 and u?
25
Let s(i) = -i**3 + 12*i**2 - i + 13. Let v be s(12). Let w be -3 - 132/(-5 + v). What is the highest common divisor of w and 6?
6
Suppose 0 = 5*x - 10*x + 55. What is the greatest common factor of x and 33?
11
Let b(i) = 16*i**2 + 2*i - 1. Let l be b(1). Let v(x) = 50*x**2 - 2*x - 1. Let q be v(-1). Calculate the highest common factor of q and l.
17
Let z be 95 + (-2 - 0) + 1 + 1. What is the greatest common factor of z and 19?
19
Suppose 3*g - 8*g - 5*j = -20, 2*g = -j + 6. Suppose 5*i = -g*t - 0*t + 47, 2*t - 27 = -i. Calculate the highest common divisor of t and 33.
11
Suppose 4*n = 2*n. Suppose n*p = -2*p - 2. Let q be 5 - -5 - 3*p. Calculate the highest common divisor of 26 and q.
13
Let q = -5 + 8. Suppose 2*y + q*y - 3*s = -788, -5*s - 20 = 0. Let i be (9/(-6))/(6/y). What is the highest common divisor of i and 10?
10
Let z be ((0/2)/3)/1. Suppose 3*s - s - 8 = z. Suppose f = s*f - 72. Calculate the greatest common factor of 36 and f.
12
Let m(l) = l**3 + 8*l**2 - 9*l + 9. Let j be m(-9). What is the greatest common factor of 6 and j?
3
Let y = 79 + -54. Let p(a) = a**3 + a**2 + a + 5. Let n be -2 - (1 + (-5 - -2)). Let l be p(n). Calculate the highest common divisor of y and l.
5
Suppose -7 = 2*t + 5. Let z = -4 - t. Suppose -z*w + 25 = -5. What is the highest common factor of w and 165?
15
Let r = 162 - 150. Calculate the greatest common factor of r and 132.
12
Let q = 20 + -17. Suppose -q = -c - 0*c. What is the greatest common factor of c and 24?
3
Suppose -172 = -2*m + 2*j, 3*m - 211 = -4*j + 54. Suppose -3*x = 2*x - 1215. Suppose 5*y - x = m. Calculate the greatest common divisor of y and 6.
6
Let y(l) = -l**3 - 7*l**2 - 3*l - 11. Let h be y(-10). Suppose -7*j - 74 + h = 0. What is the greatest common divisor of 14 and j?
7
Let g be 4 + (-1 - -2)*-2. Suppose v + 4*n - 336 = -v, -g*v + 5*n + 336 = 0. Calculate the greatest common factor of v and 21.
21
Let n = 43 - 23. Let j = 21 - n. Calculate the highest common divisor of j and 4.
1
Suppose -9*j + 4*j = -30. Let u = j + -3. Let w be u*(2 + 4/(-3)). What is the highest common factor of 2 and w?
2
Suppose -13*i - 24 = -17*i. Calculate the greatest common factor of i and 48.
6
Let p = 129 + 87. Calculate the highest common divisor of p and 27.
27
Let g = -25 + 37. Let b(v) = -v**2 - 13*v + 18. Let z be b(-14). Suppose -z*r + 29 = -3. What is the highest common divisor of g and r?
4
Let l(o) = o**3 + 6*o**2 + 7*o + 7. Let a be l(-5). Let k be a/(-12)*-2*-28. Calculate the greatest common divisor of 28 and k.
14
Suppose -3*i + s - 4*s + 78 = 0, 0 = -4*i + 2*s + 104. What is the highest common divisor of 26 and i?
26
Let v = -60 + 78. What is the greatest common factor of v and 54?
18
Suppose 3 - 57 = -9*u. Let q = -5 - -17. What is the greatest common divisor of q and u?
6
Let z be -1 + 0 + 1 - 10. Let r = z + 28. Calculate the greatest co